 -2261. Suppose 0*k + 2*k - 3*p = i, -k + u = -4*p. What is the remainder when 257 is divided by k?
49
Let q = 7425 + -5908. Calculate the remainder when q is divided by 756.
5
Let v = 21141 - 16585. Calculate the remainder when v is divided by 31.
30
Suppose -v - 28 = -3*v. Let u(c) = 11*c**2 + 2*c - 1. Let h be u(1). Suppose -h*x + 3 = -11*x. Calculate the remainder when v is divided by x.
2
Let v = -2462 - -2656. What is the remainder when v is divided by 66?
62
Let s = -5 - -9. Let k be (-30)/(-2)*(s - 1). Suppose h + k = 6*h. What is the remainder when 44 is divided by h?
8
Suppose 289*r + 23005 = -408*r + 94796. What is the remainder when 1234 is divided by r?
101
Suppose 8 = -4*a, -2*a = -3*x + 3*a + 688. What is the remainder when x is divided by 47?
38
Suppose 12611 - 29369 = 269*q - 284951. Calculate the remainder when q is divided by 10.
7
Let b be (16/(-2))/((33/(-12))/(-11)). Calculate the remainder when ((-8)/(-14))/(b/(-1904)) is divided by 19.
15
Calculate the remainder when (57 + -62)*(-822)/15 is divided by 25.
24
Let z(k) = 10*k**3 - k**2 + k. Suppose -8 = -4*s, 5*x = 4*s + 21 + 376. What is the remainder when z(2) is divided by x/(-6)*(-1 + -5)/3?
24
Let x be -2*(18/(-4) + 3). Let i(w) = 10*w - 28. Let j be i(x). What is the remainder when 86 + (-4)/(-7)*7/j is divided by 30?
28
Let g(y) = -20*y**2 - 14*y - 66. Let d be g(-4). Calculate the remainder when 1807/6 + 55/d is divided by 61.
57
Suppose 3*f - 408 + 159 = 0. Let u = -37 + f. What is the remainder when u is divided by 17?
12
Suppose 4*o = 4*n + 40, -5*n - 23 = o - 3. Suppose 5 + 10 = o*t. Suppose t*f - 260 = -f. What is the remainder when f is divided by 22?
21
Suppose 279 - 4291 = -19*b + 719. Calculate the remainder when b is divided by 120.
9
Suppose 2*u + 3*o - 15 = -3*u, 0 = -u + 5*o + 3. Calculate the remainder when 3 + (-2)/((-6)/123) is divided by u/7 + (-420)/(-49).
8
Suppose -8 = -4*l + 2*l. Let v(g) be the third derivative of g**6/60 - g**5/12 - g**4/12 - g**3 - 954*g**2. What is the remainder when 133 is divided by v(l)?
31
Let l = 57 + -55. Suppose -5*v - 10 = 5*o, -5*v - l - 10 = 3*o. Calculate the remainder when 124 is divided by 31*o - (-5)/(8 + -3).
28
Suppose -54 - 6 = -3*b. Suppose 155*v + 844 = 4099. What is the remainder when v is divided by b?
1
Suppose -48 = -3*v + 5*j, 5*v + 0*j - 64 = 3*j. Suppose 0 = -302*a + 305*a + 492. Let l = -161 - a. What is the remainder when v is divided by l?
2
Suppose 0 = -m - 3*w + 251, 3*m - 864 = 2*w - 67. Let x = -239 + m. What is the remainder when 213 is divided by x?
21
Let o = 93 + -37. Suppose 0 = 4*a - 12*a - o. What is the remainder when 31 is divided by 12/a + 2 - 162/(-21)?
7
Let h(l) = 22*l + 228. What is the remainder when h(-2) is divided by 13?
2
Suppose 5004 = 54451*q - 54439*q. Suppose 0 = 4*w + 4*u - 220, 3*u - 245 = -4*w + 4*u. What is the remainder when q is divided by w?
57
Let h = 15 + -2. Suppose 4*n = 27 + h. Calculate the remainder when n is divided by 4.
2
Let l = -99 - -107. Suppose -l*w + 478 = -138. What is the remainder when w is divided by 13?
12
Suppose 25 + 108 = p. Let f(b) = -b**2 - 7*b - 3. Let k be f(-4). Suppose -4 = v - k, -o + p = 4*v. Calculate the remainder when o is divided by 39.
35
Let h(u) = -u**2 + 123*u - 2279. What is the remainder when 570 is divided by h(98)?
57
Let y be 84/(-7)*-8 - 5. Suppose 0 = -y*i + 84*i + 686. Calculate the remainder when i is divided by 33.
32
Suppose -63 = -x - n - 9, -3*x + 2*n + 167 = 0. What is the remainder when (-6 + (6 - 1))*-113 is divided by x?
3
Let c(p) = -4*p + 696. What is the remainder when c(53) is divided by 129?
97
Let a = 10419 - 8571. Calculate the remainder when a is divided by 10.
8
Let p(k) = k + 97. Let x be p(0). Suppose 92*m + 75 = x*m. Let z(f) = -2*f**3 - 8*f**2 - 9*f - 6. Calculate the remainder when z(-6) is divided by m.
12
Suppose 4*a - 5*a = -34. Suppose -2*d - 2*n + 282 = -58, 0 = 4*d - n - 675. Suppose d = 5*t - 506. What is the remainder when t is divided by a?
33
Suppose -40*l + 33*l - 59*l = -63360. What is the remainder when l is divided by 9?
6
Let r(q) = -2*q**2 - 72*q - 288. Calculate the remainder when 5851 is divided by r(-31).
21
Let t(y) = -y**2 - 1. Let u(g) = -5*g**2 + 5*g + 13. Let q be 4/5*1*(8 - 13). Let f(x) = q*t(x) + u(x). Calculate the remainder when 31 is divided by f(6).
9
Suppose l + 42 = -0*l. Let c = 43 + l. Suppose -2*w + 6 + c = -g, 3*g = -w + 7. What is the remainder when w is divided by 2?
0
Let i = -18844 + 27955. What is the remainder when i is divided by 42?
39
Suppose 68 = -6*b + 56. Calculate the remainder when b/(-17) + 103460/595 is divided by 22.
20
Suppose -5*h + 140 = j - 0*h, 0 = -5*j - 3*h + 832. Calculate the remainder when 640 is divided by j.
130
Let n = -60 + 107. Let s = -1229 - -253. Let u = -960 - s. Calculate the remainder when n is divided by u.
15
Suppose 20 = 5*g, 0*x + 3*g = -5*x + 22. Suppose f - 4 = x*k, -f - f + 3*k = -8. Calculate the remainder when ((-40)/(-12))/((-2)/2)*-3 is divided by f.
2
Let d(f) = f**3 + 3*f + 2. Calculate the remainder when (0 - 1) + -8 + 4 + 78 is divided by d(3).
35
Suppose 2920*t = 2927*t - 2*p - 2352, 4*t - 3*p - 1331 = 0. What is the remainder when t is divided by (-2)/(-7) + 75/7?
8
What is the remainder when (9 - 322/(-8))/(-5*5/(-100)) is divided by 104?
93
Let x be (19/(-3))/((2/6)/(-1)). Let c = x + 17. What is the remainder when c is divided by 8?
4
Let q = -36783 + 36897. Suppose 2*r + c + 65 = 4*r, 3*r + 2*c - 80 = 0. What is the remainder when q is divided by r?
24
Let n(m) = -m**2 - 12*m + 36. Let i be n(-14). Suppose 5*c = 3*r + 5, -i*r = -4*r - 20. Suppose 5*s - c*s = 27. Calculate the remainder when s is divided by 4.
3
Suppose -7*u = -0*u - 242*u + 1276050. What is the remainder when u is divided by 97?
95
Let z = 190 + -172. Suppose 924 = 2*g + 26*g. What is the remainder when g is divided by z?
15
Suppose -4*o = -5*o + 3. Let b be o + 0 - (7 + -8). Let d(t) = t + 2. What is the remainder when 11 is divided by d(b)?
5
Let l(i) = -i**3 + 17*i**2 - 17*i - 21. What is the remainder when l(14) is divided by 111?
107
Let f(x) = -30*x**3. Let y be f(-1). Suppose 9 - y = -n. Let k(q) = 161*q - 4930. What is the remainder when k(31) is divided by n?
19
Suppose -6*s - r = -3*s - 59, 0 = -2*s - 4*r + 36. Suppose 3588 = s*b + 1408. What is the remainder when b is divided by 56?
53
Let s be ((-6)/(-12))/((-1)/(-80)). Suppose 2*d = -2*q + s, -3*q - 68 = -4*d - d. Calculate the remainder when d is divided by (0 - 0) + (504/(-12))/(-7).
4
Let l(k) = 51*k**2 + 51*k**2 + 3*k - 146*k**2 + 49*k**2 - k**3 + 5. Let w(y) = y**2 - 7*y - 11. Let m be w(8). What is the remainder when l(m) is divided by 23?
22
Let f(x) = x**3 + 26*x**2 - 23*x - 426. What is the remainder when 1348 is divided by f(-26)?
144
Let w = 711 - 624. Calculate the remainder when 545 is divided by w.
23
Calculate the remainder when 328 is divided by (0 - ((-39)/6)/(-13))*-2*167.
161
Let f(n) = -36 - n**2 - 4*n + n**2 + 3*n**2 + 0*n**2. Suppose 3*i + 2 = 98. What is the remainder when i is divided by f(5)?
13
Let q(o) = -o**2 - 31*o - 258. Let c be q(-17). Let t = 34 + 13. Let h = c + t. What is the remainder when 107 is divided by h?
26
Suppose 49 = 14*f + 77. Let r = 78 + -42. Let y = r + f. Calculate the remainder when 133 is divided by y.
31
Suppose -109*a + 1031517 = 84*a + 35637. What is the remainder when a is divided by 859?
6
Let r = -10636 - -10662. Suppose 0*z - z = -232. What is the remainder when z is divided by r?
24
Let t = -572 + 631. Let a(o) = 8*o - 5*o - 2*o + 4*o + 6. What is the remainder when t is divided by a(5)?
28
Suppose 4*u - 465 = 5*r, -5*r - 425 = 3*u + u. Let l = -30 - r. Suppose 4*y - l = -3. What is the remainder when 27 is divided by y?
13
Suppose -2*i - 3 - 5 = 0, 5*i = p - 40. Calculate the remainder when (12/p - (-8)/20)*86 is divided by 6.
2
Let z = 2713 + -2638. What is the remainder when 176 is divided by z?
26
Calculate the remainder when (-90)/((-108)/12) + 303 is divided by 100.
13
Let o be (-25)/50 - (-14)/4. Suppose -2 = 3*l - 5*l - o*i, -3*l - i = -10. What is the remainder when 226 - 5 - (-2)/l*0 is divided by 28?
25
Let q = -30 - -32. Suppose 8 = 3*p + q. Let w(j) = 7*j + 92. Calculate the remainder when 